, 7, 612719
What are the prime factors of 1825967582?
2, 912983791
What are the prime factors of 22408019?
22408019
List the prime factors of 773148019.
7, 19, 830449
List the prime factors of 5789694189.
3, 53, 36413171
What are the prime factors of 3825448187?
11, 839, 414503
List the prime factors of 89825321.
31, 1061, 2731
List the prime factors of 1383107376.
2, 3, 7, 4116391
What are the prime factors of 3373430200?
2, 5, 7, 2409593
List the prime factors of 1048503388.
2, 262125847
What are the prime factors of 2392359806?
2, 19, 277, 227281
What are the prime factors of 55666799?
137, 406327
What are the prime factors of 38291024?
2, 2393189
What are the prime factors of 25914534?
2, 3, 4319089
What are the prime factors of 1701382222?
2, 103, 8259137
List the prime factors of 474298528.
2, 11, 233, 5783
What are the prime factors of 2095581?
3, 698527
What are the prime factors of 18344659?
18344659
List the prime factors of 369459739.
11, 29, 947, 1223
What are the prime factors of 670653310?
2, 5, 509, 131759
What are the prime factors of 103448631?
3, 11, 13, 293, 823
What are the prime factors of 56196770?
2, 5, 7, 802811
What are the prime factors of 9435194?
2, 4717597
List the prime factors of 188413426.
2, 94206713
What are the prime factors of 89185151?
11, 8107741
What are the prime factors of 719936074?
2, 11, 13, 73, 34483
What are the prime factors of 2018244547?
11, 1516337
What are the prime factors of 94619733?
3, 13, 241, 10067
What are the prime factors of 2016354343?
17, 118609079
What are the prime factors of 27414263?
43, 109, 5849
List the prime factors of 2135630827.
11, 31, 6262847
List the prime factors of 933395127.
3, 7, 44447387
List the prime factors of 218632305.
3, 5, 29, 31, 523
List the prime factors of 3544018760.
2, 5, 271, 326939
List the prime factors of 36776621.
7, 5253803
List the prime factors of 1655369743.
1655369743
List the prime factors of 46447299.
3, 29, 251, 709
List the prime factors of 10411036.
2, 311, 8369
What are the prime factors of 991637287?
17669, 56123
What are the prime factors of 50314054?
2, 7, 31, 115931
List the prime factors of 9234441.
3, 29, 35381
List the prime factors of 68566174.
2, 19, 23, 4129
What are the prime factors of 390035199?
3, 17, 7647749
List the prime factors of 18087419.
7, 52733
What are the prime factors of 38485205?
5, 11, 61, 11471
What are the prime factors of 23948041?
13, 59, 31223
List the prime factors of 1794299663.
13, 17, 839, 9677
What are the prime factors of 7850194987?
6143, 1277909
List the prime factors of 62105901.
3, 11, 13, 71, 2039
What are the prime factors of 85232617?
83, 1026899
List the prime factors of 33227288.
2, 31, 133981
List the prime factors of 9723336.
2, 3, 7, 31, 1867
List the prime factors of 239274131.
239274131
List the prime factors of 714877400.
2, 5, 541, 6607
What are the prime factors of 904414718?
2, 107, 239, 17683
What are the prime factors of 25249941?
3, 935183
List the prime factors of 118497634.
2, 157, 239, 1579
What are the prime factors of 1706278144?
2, 83, 131, 613
What are the prime factors of 42743018?
2, 21371509
List the prime factors of 634516036.
2, 7, 11, 2060117
What are the prime factors of 1628600707?
1628600707
List the prime factors of 1344364431.
3, 448121477
What are the prime factors of 94819042?
2, 43, 1102547
List the prime factors of 129179879.
19, 357839
List the prime factors of 2108617621.
11, 23, 8334457
List the prime factors of 191484859.
191484859
What are the prime factors of 657148698?
2, 3, 36508261
List the prime factors of 68582135.
5, 41, 334547
List the prime factors of 1275288127.
59, 21615053
List the prime factors of 163770256.
2, 13, 787357
List the prime factors of 125009998.
2, 1721, 36319
List the prime factors of 4889304.
2, 3, 7, 89, 109
List the prime factors of 559192731.
3, 79, 2359463
What are the prime factors of 1031186639?
7, 19, 61, 127103
What are the prime factors of 2059720893?
3, 4201, 6053
What are the prime factors of 275876464?
2, 47, 71, 5167
List the prime factors of 723265336.
2, 29, 3117523
What are the prime factors of 1320287246?
2, 47, 14045609
What are the prime factors of 556310428?
2, 139077607
What are the prime factors of 88651785?
3, 5, 31, 190649
List the prime factors of 29626471.
7, 4232353
What are the prime factors of 430111106?
2, 3541, 60733
List the prime factors of 42560126.
2, 7, 8863
What are the prime factors of 6193765?
5, 1109, 1117
List the prime factors of 367655227.
367655227
List the prime factors of 39499511.
39499511
List the prime factors of 106567794.
2, 3, 5920433
What are the prime factors of 3025333128?
2, 3, 29, 937, 4639
List the prime factors of 369915639.
3, 9461, 13033
What are the prime factors of 148959819?
3, 16551091
What are the prime factors of 79058?
2, 7, 5647
List the prime factors of 40993826.
2, 20496913
List the prime factors of 6423708637.
6423708637
What are the prime factors of 632041097?
587, 1076731
List the prime factors of 4260589145.
5, 3109, 274081
What are the prime factors of 293415605?
5, 7, 101, 83003
List the prime factors of 89970269.
89970269
What are the prime factors of 58690384?
2, 499, 7351
List the prime factors of 432950648.
2, 13, 331, 12577
List the prime factors of 35808400.
2, 5, 89521
List the prime factors of 137358658.
2, 1879, 36551
List the prime factors of 13568063.
131, 103573
What are the prime factors of 560369127?
3, 186789709
What are the prime factors of 2174196270?
2, 3, 5, 72473209
What are the prime factors of 1857179709?
3, 7, 11, 61, 43933
List the prime factors of 331368302.
2, 2777, 59663
What are the prime factors of 426732907?
823, 518509
What are the prime factors of 137809042?
2, 7, 2729, 3607
List the prime factors of 24228187.
179, 135353
What are the prime factors of 43065493?
29, 1485017
List the prime factors of 393646152.
2, 3, 17, 71, 107, 127
What are the prime factors of 680360870?
2, 5, 7, 9719441
List the prime factors of 53813503.
37, 1454419
What are the prime factors of 187243159?
47, 3983897
List the prime factors of 155790992.
2, 7, 17, 11689
What are the prime factors of 2613322064?
2, 83, 227, 8669
What are the prime factors of 103835045?
5, 20767009
What are the prime factors of 6905227499?
67, 109, 457, 2069
List the prime factors of 40228015.
5, 8045603
What are the prime factors of 65435477?
6959, 9403
List the prime factors of 6260707.
569, 11003
List the prime factors of 2613401713.
13, 201030901
List the prime factors of 637665722.
2, 31, 79, 101, 1289
List the prime factors of 362816703.
3, 17, 2371351
What are the prime factors of 102275899?
11, 109, 197, 433
What are the prime factors of 284529041?
521, 739
List the prime factors of 136296514.
2, 17, 251, 15971
What are the prime factors of 19523639?
19523639
List the prime factors of 1226384697.
3, 19, 21515521
What are the prime factors of 1492789930?
2, 5, 23, 6490391
What are the prime factors of 70061879?
17, 797, 5171
What are the prime factors of 4177910692?
2, 67, 15589219
List the prime factors of 120152772.
2, 3, 3337577
What are the prime factors of 59211506?
2, 29605753
List the prime factors of 34821868.
2, 8705467
What are the prime factors of 113069086?
2, 13, 29, 5171
List the prime factors of 34142981.
19, 61, 89, 331
What are the prime factors of 154999176?
2, 3, 43, 150193
What are the prime factors of 736064866?
2, 368032433
What are the prime factors of 45002780?
2, 5, 29, 77591
What are the prime factors of 16267359?
3, 5422453
What are the prime factors of 4956036573?
3, 23, 257, 279481
List the prime factors of 75143596.
2, 11, 37, 101, 457
What are the prime factors of 48492615?
3, 5, 53, 181, 337
List the prime factors of 36364913.
13, 107, 2011
What are the prime factors of 234111672?
2, 3, 131, 24821
What are the prime factors of 52151952?
2, 3, 47, 23117
List the prime factors of 395173156.
2, 7, 14113327
What are the prime factors of 21112466?
2, 61, 173053
List the prime factors of 27479811.
3, 53, 172829
What are the prime factors of 686635715?
5, 3907, 35149
What are the prime factors of 244400439?
3, 19, 4287727
List the prime factors of 158513842.
2, 313, 809
What are the prime factors of 223675154?
2, 17, 107, 61483
L